 remainder when 3820 is divided by 1261?
37
Calculate the remainder when 213 is divided by 195.
18
Calculate the remainder when 92 is divided by 5.
2
Calculate the remainder when 3694 is divided by 3.
1
What is the remainder when 1760 is divided by 252?
248
Calculate the remainder when 30 is divided by 14.
2
Calculate the remainder when 148 is divided by 2.
0
What is the remainder when 4821 is divided by 284?
277
What is the remainder when 65 is divided by 14?
9
What is the remainder when 5696 is divided by 1423?
4
Calculate the remainder when 154 is divided by 35.
14
What is the remainder when 69 is divided by 2?
1
Calculate the remainder when 2508 is divided by 68.
60
Calculate the remainder when 151 is divided by 51.
49
What is the remainder when 150 is divided by 12?
6
What is the remainder when 7215 is divided by 9?
6
Calculate the remainder when 606 is divided by 76.
74
Calculate the remainder when 14079 is divided by 88.
87
What is the remainder when 950 is divided by 27?
5
What is the remainder when 834 is divided by 44?
42
What is the remainder when 234 is divided by 96?
42
Calculate the remainder when 2732 is divided by 2706.
26
Calculate the remainder when 374 is divided by 187.
0
What is the remainder when 6988 is divided by 92?
88
Calculate the remainder when 988 is divided by 18.
16
Calculate the remainder when 338 is divided by 29.
19
What is the remainder when 227 is divided by 213?
14
Calculate the remainder when 180 is divided by 42.
12
Calculate the remainder when 807 is divided by 193.
35
Calculate the remainder when 3477 is divided by 75.
27
What is the remainder when 609 is divided by 68?
65
Calculate the remainder when 16538 is divided by 119.
116
Calculate the remainder when 589 is divided by 66.
61
What is the remainder when 610 is divided by 79?
57
What is the remainder when 13873 is divided by 125?
123
What is the remainder when 855 is divided by 84?
15
What is the remainder when 8 is divided by 6?
2
What is the remainder when 2180 is divided by 542?
12
Calculate the remainder when 317 is divided by 4.
1
Calculate the remainder when 33 is divided by 7.
5
Calculate the remainder when 1810 is divided by 33.
28
Calculate the remainder when 558 is divided by 51.
48
Calculate the remainder when 530 is divided by 75.
5
What is the remainder when 1173 is divided by 4?
1
Calculate the remainder when 23 is divided by 10.
3
Calculate the remainder when 3482 is divided by 134.
132
Calculate the remainder when 132 is divided by 37.
21
What is the remainder when 1312 is divided by 46?
24
Calculate the remainder when 2492 is divided by 58.
56
Calculate the remainder when 375 is divided by 179.
17
What is the remainder when 210 is divided by 89?
32
What is the remainder when 164 is divided by 14?
10
Calculate the remainder when 351 is divided by 65.
26
What is the remainder when 146 is divided by 71?
4
What is the remainder when 834 is divided by 94?
82
What is the remainder when 113 is divided by 23?
21
What is the remainder when 44348 is divided by 176?
172
What is the remainder when 529 is divided by 177?
175
Calculate the remainder when 249 is divided by 130.
119
What is the remainder when 15188 is divided by 217?
215
What is the remainder when 224 is divided by 65?
29
Calculate the remainder when 1441 is divided by 19.
16
What is the remainder when 60 is divided by 22?
16
What is the remainder when 241 is divided by 30?
1
What is the remainder when 277 is divided by 264?
13
What is the remainder when 826 is divided by 69?
67
Calculate the remainder when 415 is divided by 105.
100
Calculate the remainder when 312 is divided by 288.
24
What is the remainder when 2102 is divided by 522?
14
What is the remainder when 276 is divided by 3?
0
Calculate the remainder when 130 is divided by 55.
20
What is the remainder when 155 is divided by 58?
39
What is the remainder when 798 is divided by 157?
13
What is the remainder when 85 is divided by 6?
1
Calculate the remainder when 47 is divided by 10.
7
What is the remainder when 125 is divided by 22?
15
Calculate the remainder when 685 is divided by 49.
48
What is the remainder when 1325 is divided by 268?
253
Calculate the remainder when 9449 is divided by 139.
136
What is the remainder when 2345 is divided by 29?
25
Calculate the remainder when 789 is divided by 12.
9
What is the remainder when 1178 is divided by 41?
30
What is the remainder when 49 is divided by 5?
4
Calculate the remainder when 1695 is divided by 561.
12
Calculate the remainder when 114 is divided by 29.
27
What is the remainder when 1715 is divided by 245?
0
Calculate the remainder when 16 is divided by 6.
4
Calculate the remainder when 276 is divided by 81.
33
Calculate the remainder when 10347 is divided by 23.
20
Calculate the remainder when 149 is divided by 7.
2
What is the remainder when 1105 is divided by 345?
70
What is the remainder when 509 is divided by 119?
33
What is the remainder when 10865 is divided by 26?
23
Calculate the remainder when 805 is divided by 249.
58
Calculate the remainder when 1676 is divided by 53.
33
Calculate the remainder when 68 is divided by 52.
16
Calculate the remainder when 10838 is divided by 20.
18
What is the remainder when 693 is divided by 22?
11
What is the remainder when 555 is divided by 171?
42
What is the remainder when 770 is divided by 153?
5
Calculate the remainder when 1514 is divided by 20.
14
What is the remainder when 85 is divided by 45?
40
What is the remainder when 82 is divided by 32?
18
What is the remainder when 568 is divided by 68?
24
What is the remainder when 3390 is divided by 113?
0
What is the remainder when 96 is divided by 25?
21
Calculate the remainder when 152 is divided by 34.
16
Calculate the remainder when 49 is divided by 25.
24
Calculate the remainder when 624 is divided by 25.
24
Calculate the remainder when 1586 is divided by 268.
246
What is the remainder when 451 is divided by 79?
56
What is the remainder when 158 is divided by 28?
18
What is the remainder when 4125 is divided by 37?
18
Calculate the remainder when 1140 is divided by 563.
14
Calculate the remainder when 5495 is divided by 20.
15
What is the remainder when 1646 is divided by 27?
26
What is the remainder when 1332 is divided by 307?
104
Calculate the remainder when 76 is divided by 26.
24
Calculate the remainder when 363 is divided by 26.
25
What is the remainder when 1130 is divided by 54?
50
What is the remainder when 513 is divided by 176?
161
Calculate the remainder when 153 is divided by 34.
17
What is the remainder when 3220 is divided by 18?
16
Calculate the remainder when 1028 is divided by 129.
125
What is the remainder when 12301 is divided by 16?
13
Calculate the remainder when 405 is divided by 29.
28
What is the remainder when 558 is divided by 7?
5
Calculate the remainder when 257 is divided by 161.
96
What is the remainder when 1026 is divided by 21?
18
Calculate the remainder when 299 is divided by 43.
41
What is the remainder when 28 is divided by 21?
7
What is the remainder when 405 is divided by 20?
5
Calculate the remainder when 3554 is divided by 27.
17
What is the remainder when 13980 is divided by 31?
30
What is the remainder when 935 is divided by 13?
12
Calculate the remainder when 58 is divided by 17.
7
What is the remainder when 36910 is divided by 8?
6
What is the remainder when 3342 is divided by 88?
86
What is the remainder when 39 is divided by 13?
0
What is the remainder when 373 is divided by 62?
1
Calculate the remainder when 218 is divided by 47.
30
Calculate the remainder when 345 is divided by 5.
0
Calculate the remainder when 497 is divided by 75.
47
What is the remainder when 47 is divided by 23?
1
Calculate the remainder when 9713 is divided by 3233.
14
Calculate the remainder when 169 is divided by 43.
40
What is the remainder when 394 is divided by 102?
88
Calculate the remainder when 142 is divided by 126.
16
What is the remainder when 195 is divided by 67?
61
What is the remainder when 2267 is divided by 83?
26
What is the remainder when 1217 is divided by 37?
33
What is the remainder when 20 is divided by 15?
5
Calculate the remainder when 90 is divided by 23.
21
What is the remainder when 102 is divided by 48?
6
Calculat